-5*f + 85. Let v be d(0). Let z = 84 - 50. What is the highest common factor of z and v?
17
Let g(b) = 4*b - 14. Let u be g(4). Suppose -u*f = -5*x + 156, -3*f - 99 = 2*x - 5*x. What is the highest common factor of 15 and x?
15
Suppose f = -3*f. Suppose f*h + 12 = 2*h. Let y(r) = -18*r - 18. Let a be y(-4). What is the greatest common divisor of h and a?
6
Let b be (-1)/(1 + 7/(-6)). Let z be (6/(-15))/(2/330*-1). What is the greatest common divisor of z and b?
6
Let m = -197 - -202. Let n be (-2 + 2 - 1)/(-1). What is the greatest common factor of n and m?
1
Let g be -11 + 15 + -2 + 271. Calculate the greatest common divisor of g and 21.
21
Suppose 12*f = -5*f + 85. What is the highest common divisor of 5 and f?
5
Let z = 253 - 135. Suppose 3*p - z = -5*j, -6*j + 77 = 2*p - j. Suppose -3*d + s = -102 - p, -s + 49 = d. Calculate the greatest common factor of d and 12.
12
Let j(a) = 2*a. Let g be j(6). What is the highest common factor of 108 and g?
12
Suppose 14 = l + 2*v, -4*l + 3*v = -6 - 28. What is the greatest common factor of l and 110?
10
Suppose -5*a + 120 = 5*h - 320, -4*a - h = -361. Let r be 2 + 11/(-3)*-3. What is the greatest common factor of a and r?
13
Suppose 2*j = -4*p - 12, -p + j + 3 = -0. Let u be (p - (1 + -20)) + -2. Let z be -1*u*(2 + -3). What is the highest common divisor of z and 8?
8
Suppose -j - 43 = -127. Suppose 2 + 10 = p. Calculate the greatest common divisor of j and p.
12
Let q = 133 + -43. What is the highest common factor of q and 10?
10
Suppose 0 = 3*i - 3, -5*o - 4*i - 132 + 331 = 0. Let c be (-4)/(-6)*78/4. What is the highest common divisor of c and o?
13
Suppose 0 = -0*f - 3*f + 135. Let r(i) = i + 5. Let a be r(0). What is the greatest common factor of f and a?
5
Suppose -2*s + 81 = 3*j + s, 0 = -4*j - s + 111. Let l be ((-1)/2)/((-4)/32). What is the highest common factor of l and j?
4
Suppose 2*w = -3*f + 68, 0*w + 2*w = f - 36. Calculate the highest common factor of 104 and f.
26
Let g = -89 + 154. Suppose -d - x = -12 - 6, -3*d = 5*x - 64. Calculate the highest common divisor of d and g.
13
Let h(x) = -6*x + 2. Let t be h(-2). Let i be (2/(-4))/(1/(-36)). Suppose -n - 2 = z, 3*z + i = -0*n + 3*n. Calculate the greatest common factor of t and n.
2
Let r be (15 - -1) + (-5 - -3). What is the highest common factor of 14 and r?
14
Let v be (-2290)/(-14) - (-3)/7. Let x = v + -64. Let g(t) = t + 10. Let c be g(0). Calculate the greatest common factor of x and c.
10
Let a(x) = -3*x**3 + 25*x**2 - 5*x - 7. Let t be a(8). What is the highest common factor of t and 34?
17
Let k(z) = -z**2 + 6*z - 2. Let v be k(5). Let t be 222/3*v + 2. Let y = t + -134. What is the greatest common divisor of y and 36?
18
Let h(s) = s**2 + 4*s + 5. Let o be h(-4). Let f = 7 + -2. Let w be f - (-3 - -2)*0. What is the greatest common divisor of w and o?
5
Let n be ((-90)/35)/((-1)/7). Calculate the greatest common factor of 9 and n.
9
Let p = -323 + 548. Suppose g + 6 = 3*g. Suppose -p = g*j - 6*j. Calculate the greatest common factor of j and 15.
15
Suppose -4*h + 184 = q, -5*q + 693 = h - 227. Calculate the greatest common factor of 23 and q.
23
Suppose -86 = 5*l + 3*h, 0 = 2*l - 2*h + 17 + 11. Let w = l + 40. Calculate the greatest common factor of w and 36.
12
Let z be (-1)/((-1)/123) + 0. Let q = z + -60. Calculate the greatest common factor of 7 and q.
7
Let n be (10/6 + -2)*-111. Suppose -5*s - 3*a + 0*a + n = 0, -s - 15 = -5*a. Calculate the greatest common divisor of 10 and s.
5
Let u be -1*(4/6)/((-2)/39). What is the highest common factor of u and 3?
1
Let o = -6 + 7. Suppose 8 = -3*a + 5*a. Suppose 5*z - 4*t = -3 + 42, -56 = -a*z - 3*t. Calculate the highest common divisor of o and z.
1
Suppose -5*o + 7 = 2*a - 26, a = -2*o + 14. Suppose s + 100 = 6*s - 4*q, 145 = o*s + 5*q. Suppose 4*c = c + s. Calculate the highest common divisor of c and 4.
4
Let u be (-12 - (-3 + 1))/(-1). Suppose 5*d = z - 20, -d = -2*z + 2*d + 54. Calculate the greatest common divisor of z and u.
10
Let l = 308 + -178. Let k = -18 + 20. Suppose k*p + l = 7*p. What is the greatest common factor of p and 39?
13
Let p = -5 + 9. Suppose -49 = -p*f - f - m, -3*f - 5*m = -25. Calculate the highest common divisor of f and 20.
10
Let i = 20 - 14. What is the greatest common divisor of 9 and i?
3
Let i = -12 + 33. Let p be (40/(-6))/((-2)/i). What is the highest common divisor of 7 and p?
7
Suppose 14*w - 18 = 12*w - m, 8 = -2*m. What is the greatest common factor of 121 and w?
11
Let y(l) = l. Let b be y(8). Let t be 2/(-8) - (-6 + (-1398)/24). What is the highest common divisor of b and t?
8
Let b(m) = 243*m + 1. Let x be b(1). Suppose -2*q = 2*q - x. Let p = q - 41. What is the highest common factor of 5 and p?
5
Suppose -5*u + 2 + 3 = 0. Let l be (1 - 0)/(u/13). Suppose -h + 4*h = 39. Calculate the greatest common factor of l and h.
13
Suppose 4 - 15 = -l. Let c = -22 + 50. Let h = c + -17. Calculate the highest common divisor of h and l.
11
Suppose 2*f - 630 = -144. What is the greatest common divisor of 27 and f?
27
Let q = -24 + 34. Suppose q + 2 = 4*s. Suppose 0 = -s*v - 16 + 82. Calculate the greatest common divisor of 11 and v.
11
Let m be ((-8)/(-12))/((-2)/3). Let b = m - -7. Suppose -2*x = -3*w + 38, -3*w + 3*x = b*x - 33. Calculate the highest common factor of w and 36.
12
Suppose 0 = 5*a - 32 - 13. Suppose -31 = 2*l + a. Let n be 0 + (2/(-1) - l). What is the greatest common divisor of 9 and n?
9
Let y = 233 - 163. Suppose -3*c = 2*p - 3 - 14, 3*c - 24 = -3*p. What is the highest common factor of y and p?
7
Suppose 2 = -2*t + 8. What is the greatest common factor of 2 and t?
1
Let r(x) = -x**3 + 4*x**2 + 12*x + 7. Let p be r(6). Calculate the highest common divisor of 14 and p.
7
Suppose 0 = 2*w - 0*w - 12. Let g = -11 - -26. Calculate the highest common divisor of g and w.
3
Let l be (6/4)/(-1)*-4. Let d be 1*(-2 + 2) - -1. Let t be d + (-2 - 1*-19). Calculate the highest common factor of l and t.
6
Let g(w) = w**3 - 9*w**2 + 10. Let f(s) = -s**2 - 7*s - 1. Let q be f(-5). Let d be g(q). What is the highest common factor of 50 and d?
10
Let j = -2 - -4. Suppose 3*u = -k + 9 - j, 4*k = -20. Suppose -z - l = -6*l + 20, u*z - 5 = 3*l. Calculate the greatest common divisor of z and 1.
1
Let f = 51 - 26. Calculate the greatest common divisor of f and 5.
5
Let z = -107 + 153. Let n be 3/(3/z) + -1. Let l(u) = u**2 + 4*u - 17. Let b be l(-8). What is the greatest common factor of n and b?
15
Let c be (-1)/(-3) - (-304)/6. Suppose 3*u + 2*u = -6475. Let p be (-2)/(-11) + u/(-77). Calculate the highest common divisor of p and c.
17
Suppose 2*v = -v + 285. Let c(i) = i**3 + 7*i**2 - i - 5. Let p be c(-5). Let b = -12 + p. What is the greatest common factor of v and b?
19
Let y = -24 - -40. Let z(x) = x**3 + x**2 - 5*x + 3. Let c be (-15)/(-6) - (-2)/4. Let o be z(c). What is the greatest common factor of y and o?
8
Let d(s) = 2 + s - 4 + 4 + 0*s. Let h be d(4). What is the highest common factor of h and 42?
6
Let q be 3/(-9) - (-37)/3. What is the greatest common divisor of q and 6?
6
Let j(z) = 2*z**3 - z**2 + 2*z - 1. Let y be j(2). Let t be 30/(-20) - y/(-2). Calculate the greatest common divisor of 42 and t.
6
Suppose -2*n = 3*n - 5*g - 35, 5*n - g - 15 = 0. Suppose a + n = 4. Suppose 3*z + a*z = 325. What is the highest common factor of z and 26?
13
Let o be (-5)/(5/3 - 2). Let t = o + 129. What is the greatest common divisor of t and 16?
16
Let t(p) = -p**2 - 3*p + 2. Let g be t(-3). Suppose -u + 72 = g*u. Let o = u + 16. Calculate the highest common factor of 8 and o.
8
Let v = 0 + 1. Let d be (-5)/((-5)/(-6)) + v. Let o be (52/(-5))/(1/d). What is the greatest common factor of 13 and o?
13
Let s(m) = m**3 + 6*m**2 + 3*m - 2. Let i be s(-5). Suppose -3*v = -i*v + 30. Calculate the highest common factor of v and 6.
6
Let b be (-4 - -1) + -1 + (6 - -88). What is the greatest common divisor of b and 135?
45
Suppose 6*m - m = 2*q + 268, -2*m = 5*q + 699. Suppose 3*l + 407 = 5*l - w, -2*l + 398 = 2*w. Let r = q + l. What is the highest common divisor of 7 and r?
7
Let f = 0 - -1. Let k be (2 - f)/((-2)/(-4)). Let j = 4 - k. What is the greatest common divisor of 16 and j?
2
Let f(g) = 16*g - 9. Let a be f(7). Suppose -2*h - h + 4*t + a =